{"id":295,"date":"2019-02-20T09:35:34","date_gmt":"2019-02-20T08:35:34","guid":{"rendered":"https:\/\/vision-mfund.de\/?page_id=295"},"modified":"2021-11-29T14:40:51","modified_gmt":"2021-11-29T13:40:51","slug":"ziele","status":"publish","type":"page","link":"https:\/\/vision-mfund.de\/?page_id=295","title":{"rendered":"Ziele"},"content":{"rendered":"\n<p><p style=\"text-align: justify;\">\n\nZiel des Projekts ist es, ein System zu realisieren, welches die BOS in die Lage versetzt, UAS mit einem deutlichen Mehrwert einzusetzen. Alle Flugsysteme sind dabei vollst\u00e4ndig in das Datennetz der Einsatzkr\u00e4fte eingebunden. Zus\u00e4tzlich sind die UAS \u00fcber ein UAS Traffic Management System in den \u00f6ffentlichen Luftraum integriert, welches den konfliktfreien Betrieb der unterschiedlichen Luftverkehrsteilnehmer unterst\u00fctzt. Die Daten\u00fcbertragung st\u00fctzt sich vollst\u00e4ndig auf ein Mobilfunknetz. Als zentrales Element des Datenmanagements wird eine cloudbasierte L\u00f6sung entwickelt.&nbsp;Ein besonderer Fokus des Projektes liegt auf Kollisionsvermeidung und Konnektivit\u00e4t der Flugsysteme, automatisierter Datenerfassung und einer st\u00e4rkeren Einbindung in bestehende Feuerwehrprozesse.\n\n<\/p><\/p>\n\n\n\n<h2>Erfolgreiche und anstehende Treffen im Projektrahmen<\/h2>\n\n\n\n<p>Innerhalb des Projektes fanden eine <a href=\"https:\/\/vision-mfund.de\/?page_id=464\" data-type=\"page\" data-id=\"464\"><strong>Zwischendemonstration<\/strong> <\/a>und eine <a href=\"https:\/\/vision-mfund.de\/?page_id=487\" data-type=\"page\" data-id=\"487\"><strong>Abschlussdemonstration<\/strong> <\/a>statt. Am 08.12. folgt eine \u00f6ffentliche virtuelle <a href=\"https:\/\/vision-mfund.de\/\" data-type=\"page\" data-id=\"508\"><strong>Abschlussveranstaltung<\/strong><\/a>, bei der das gesamte Konsortium f\u00fcr Fragen zur Verf\u00fcgung steht. <\/p>\n","protected":false},"excerpt":{"rendered":"<p>Ziel des Projekts ist es, ein System zu realisieren, welches die BOS in die Lage versetzt, UAS mit einem deutlichen Mehrwert einzusetzen. Alle Flugsysteme sind dabei vollst\u00e4ndig in das Datennetz der Einsatzkr\u00e4fte eingebunden. Zus\u00e4tzlich sind die UAS \u00fcber ein UAS Traffic Management System in den \u00f6ffentlichen Luftraum integriert, welches den konfliktfreien Betrieb der unterschiedlichen Luftverkehrsteilnehmer &hellip; <\/p>\n<p class=\"link-more\"><a href=\"https:\/\/vision-mfund.de\/?page_id=295\" class=\"more-link\"><span class=\"screen-reader-text\">\u201eZiele\u201c<\/span> weiterlesen<\/a><\/p>\n","protected":false},"author":2,"featured_media":0,"parent":0,"menu_order":1,"comment_status":"closed","ping_status":"closed","template":"","meta":[],"_links":{"self":[{"href":"https:\/\/vision-mfund.de\/index.php?rest_route=\/wp\/v2\/pages\/295"}],"collection":[{"href":"https:\/\/vision-mfund.de\/index.php?rest_route=\/wp\/v2\/pages"}],"about":[{"href":"https:\/\/vision-mfund.de\/index.php?rest_route=\/wp\/v2\/types\/page"}],"author":[{"embeddable":true,"href":"https:\/\/vision-mfund.de\/index.php?rest_route=\/wp\/v2\/users\/2"}],"replies":[{"embeddable":true,"href":"https:\/\/vision-mfund.de\/index.php?rest_route=%2Fwp%2Fv2%2Fcomments&post=295"}],"version-history":[{"count":5,"href":"https:\/\/vision-mfund.de\/index.php?rest_route=\/wp\/v2\/pages\/295\/revisions"}],"predecessor-version":[{"id":517,"href":"https:\/\/vision-mfund.de\/index.php?rest_route=\/wp\/v2\/pages\/295\/revisions\/517"}],"wp:attachment":[{"href":"https:\/\/vision-mfund.de\/index.php?rest_route=%2Fwp%2Fv2%2Fmedia&parent=295"}],"curies":[{"name":"wp","href":"https:\/\/api.w.org\/{rel}","templated":true}]}}