{"id":259,"date":"2019-02-19T15:29:38","date_gmt":"2019-02-19T14:29:38","guid":{"rendered":"https:\/\/vision-mfund.de\/?page_id=259"},"modified":"2020-02-17T17:15:15","modified_gmt":"2020-02-17T16:15:15","slug":"projektbeschreibung","status":"publish","type":"page","link":"https:\/\/vision-mfund.de\/?page_id=259","title":{"rendered":"Projektbeschreibung"},"content":{"rendered":"\n<p><p style=\"text-align: justify;\"> Eine Grundvoraussetzung f\u00fcr eine hohe Effektivit\u00e4t bei Eins\u00e4tzen von Beh\u00f6rden und Organisationen mit Sicherheitsaufgaben (BOS) ist die F\u00e4higkeit, Gefahrensituationen auf Basis von aktuellen Lagedaten m\u00f6glichst schnell und umfassend einsch\u00e4tzen zu k\u00f6nnen. Insbesondere aus der Luft gewonnene Daten bieten wertvolle Informationen zur Beurteilung der Gefahrenlage. F\u00fcr die Datenerfassung werden seit einiger Zeit vermehrt unbemannte Flugsysteme (UAS) verwendet. Um die UAS effektiv einsetzen zu k\u00f6nnen, muss eine umfassende Automatisierung von der Datenerfassung bis hin zur Datenverarbeitung erfolgen. Au\u00dferdem m\u00fcssen die UAS sicher in den gemeinsam mit der bemannten Luftfahrt genutzten Luftraum integriert werden. <\/p><\/p>\n<iframe loading=\"lazy\" width=\"644\" height=\"362\" src=\"https:\/\/www.youtube-nocookie.com\/embed\/NWgg-F-9naQ\" frameborder=\"0\" allow=\"accelerometer; autoplay; encrypted-media; gyroscope; picture-in-picture\" allowfullscreen><\/iframe>\n","protected":false},"excerpt":{"rendered":"<p>Eine Grundvoraussetzung f\u00fcr eine hohe Effektivit\u00e4t bei Eins\u00e4tzen von Beh\u00f6rden und Organisationen mit Sicherheitsaufgaben (BOS) ist die F\u00e4higkeit, Gefahrensituationen auf Basis von aktuellen Lagedaten m\u00f6glichst schnell und umfassend einsch\u00e4tzen zu k\u00f6nnen. Insbesondere aus der Luft gewonnene Daten bieten wertvolle Informationen zur Beurteilung der Gefahrenlage. F\u00fcr die Datenerfassung werden seit einiger Zeit vermehrt unbemannte Flugsysteme (UAS) &hellip; <\/p>\n<p class=\"link-more\"><a href=\"https:\/\/vision-mfund.de\/?page_id=259\" class=\"more-link\"><span class=\"screen-reader-text\">\u201eProjektbeschreibung\u201c<\/span> weiterlesen<\/a><\/p>\n","protected":false},"author":2,"featured_media":0,"parent":0,"menu_order":0,"comment_status":"closed","ping_status":"closed","template":"","meta":[],"_links":{"self":[{"href":"https:\/\/vision-mfund.de\/index.php?rest_route=\/wp\/v2\/pages\/259"}],"collection":[{"href":"https:\/\/vision-mfund.de\/index.php?rest_route=\/wp\/v2\/pages"}],"about":[{"href":"https:\/\/vision-mfund.de\/index.php?rest_route=\/wp\/v2\/types\/page"}],"author":[{"embeddable":true,"href":"https:\/\/vision-mfund.de\/index.php?rest_route=\/wp\/v2\/users\/2"}],"replies":[{"embeddable":true,"href":"https:\/\/vision-mfund.de\/index.php?rest_route=%2Fwp%2Fv2%2Fcomments&post=259"}],"version-history":[{"count":9,"href":"https:\/\/vision-mfund.de\/index.php?rest_route=\/wp\/v2\/pages\/259\/revisions"}],"predecessor-version":[{"id":462,"href":"https:\/\/vision-mfund.de\/index.php?rest_route=\/wp\/v2\/pages\/259\/revisions\/462"}],"wp:attachment":[{"href":"https:\/\/vision-mfund.de\/index.php?rest_route=%2Fwp%2Fv2%2Fmedia&parent=259"}],"curies":[{"name":"wp","href":"https:\/\/api.w.org\/{rel}","templated":true}]}}